{"id":99,"date":"2016-04-05T14:55:03","date_gmt":"2016-04-05T12:55:03","guid":{"rendered":"http:\/\/roemerweg.at\/?page_id=99"},"modified":"2025-09-26T11:21:23","modified_gmt":"2025-09-26T09:21:23","slug":"roemischer-meilenstein","status":"publish","type":"page","link":"https:\/\/www.roemerweg.at\/?page_id=99","title":{"rendered":"R\u00f6mischer Meilenstein"},"content":{"rendered":"<p id=\"u3369-8\">Dieser Meilenstein wurde in der N\u00e4he des heutigen Bahnhofes gefunden, neben einer wichtigen r\u00f6mischen Stra\u00dfe. Dieser Meilenstein zeugt davon, dass auch im 3. Jahrhundert nach Christus der r\u00f6mische Einfluss in Wels noch gro\u00df war.<\/p>\n\n\n<!-- Quadratisches Bild (300x300, links) -->\n  <div class=\"roemer-image\" style=\"flex:0 0 300px; width:300px; height:300px; border-radius:12px; overflow:hidden; box-shadow:0 2px 6px rgba(0,0,0,0.15);\">\n    <img decoding=\"async\" src=\" https:\/\/www.roemerweg.at\/wp-content\/uploads\/2022\/10\/5e5f28f28bc19_image.jpg\" alt=\" R\u00f6merzeit in Wels\" style=\"width:100%; height:100%; object-fit:cover; display:block;\">\n\n","protected":false},"excerpt":{"rendered":"<p>Dieser Meilenstein wurde in der N\u00e4he des heutigen Bahnhofes gefunden, neben einer wichtigen r\u00f6mischen Stra\u00dfe. Dieser Meilenstein zeugt davon, dass auch im 3. Jahrhundert nach Christus der r\u00f6mische Einfluss in Wels noch gro\u00df war.<\/p>\n","protected":false},"author":1,"featured_media":0,"parent":52,"menu_order":15,"comment_status":"closed","ping_status":"closed","template":"","meta":{"footnotes":""},"class_list":["post-99","page","type-page","status-publish","hentry"],"_links":{"self":[{"href":"https:\/\/www.roemerweg.at\/index.php?rest_route=\/wp\/v2\/pages\/99","targetHints":{"allow":["GET"]}}],"collection":[{"href":"https:\/\/www.roemerweg.at\/index.php?rest_route=\/wp\/v2\/pages"}],"about":[{"href":"https:\/\/www.roemerweg.at\/index.php?rest_route=\/wp\/v2\/types\/page"}],"author":[{"embeddable":true,"href":"https:\/\/www.roemerweg.at\/index.php?rest_route=\/wp\/v2\/users\/1"}],"replies":[{"embeddable":true,"href":"https:\/\/www.roemerweg.at\/index.php?rest_route=%2Fwp%2Fv2%2Fcomments&post=99"}],"version-history":[{"count":7,"href":"https:\/\/www.roemerweg.at\/index.php?rest_route=\/wp\/v2\/pages\/99\/revisions"}],"predecessor-version":[{"id":1763,"href":"https:\/\/www.roemerweg.at\/index.php?rest_route=\/wp\/v2\/pages\/99\/revisions\/1763"}],"up":[{"embeddable":true,"href":"https:\/\/www.roemerweg.at\/index.php?rest_route=\/wp\/v2\/pages\/52"}],"wp:attachment":[{"href":"https:\/\/www.roemerweg.at\/index.php?rest_route=%2Fwp%2Fv2%2Fmedia&parent=99"}],"curies":[{"name":"wp","href":"https:\/\/api.w.org\/{rel}","templated":true}]}}