{"id":90,"date":"2016-04-05T14:53:04","date_gmt":"2016-04-05T12:53:04","guid":{"rendered":"http:\/\/roemerweg.at\/?page_id=90"},"modified":"2025-09-26T11:16:06","modified_gmt":"2025-09-26T09:16:06","slug":"marktgemeinde-thalheim","status":"publish","type":"page","link":"https:\/\/www.roemerweg.at\/?page_id=90","title":{"rendered":"Marktgemeinde Thalheim"},"content":{"rendered":"<p id=\"u3365-8\">Hier werden Funde gezeigt, die vermutlich im Zusammenhang mit einer Br\u00fccke und den dazugeh\u00f6renden Bauten zu sehen sind und von einer sehr dichten Besiedlung, auch am rechten Traunufer, zeugen. \u00d6ffnungszeiten: Montag bis Freitag 07.30h bis 12.30h und Montag, Dienstag und Donnerstag von 14.00h bis 16.00h oder nach Vereinbarung<\/p>\n<p>Tel. 07242\/47074-0<\/p>\n","protected":false},"excerpt":{"rendered":"<p>Hier werden Funde gezeigt, die vermutlich im Zusammenhang mit einer Br\u00fccke und den dazugeh\u00f6renden Bauten zu sehen sind und von einer sehr dichten Besiedlung, auch am rechten Traunufer, zeugen. \u00d6ffnungszeiten: Montag bis Freitag 07.30h bis 12.30h und Montag, Dienstag und Donnerstag von 14.00h bis 16.00h oder nach Vereinbarung Tel. 07242\/47074-0<\/p>\n","protected":false},"author":1,"featured_media":0,"parent":52,"menu_order":12,"comment_status":"closed","ping_status":"closed","template":"","meta":{"footnotes":""},"class_list":["post-90","page","type-page","status-publish","hentry"],"_links":{"self":[{"href":"https:\/\/www.roemerweg.at\/index.php?rest_route=\/wp\/v2\/pages\/90","targetHints":{"allow":["GET"]}}],"collection":[{"href":"https:\/\/www.roemerweg.at\/index.php?rest_route=\/wp\/v2\/pages"}],"about":[{"href":"https:\/\/www.roemerweg.at\/index.php?rest_route=\/wp\/v2\/types\/page"}],"author":[{"embeddable":true,"href":"https:\/\/www.roemerweg.at\/index.php?rest_route=\/wp\/v2\/users\/1"}],"replies":[{"embeddable":true,"href":"https:\/\/www.roemerweg.at\/index.php?rest_route=%2Fwp%2Fv2%2Fcomments&post=90"}],"version-history":[{"count":14,"href":"https:\/\/www.roemerweg.at\/index.php?rest_route=\/wp\/v2\/pages\/90\/revisions"}],"predecessor-version":[{"id":1758,"href":"https:\/\/www.roemerweg.at\/index.php?rest_route=\/wp\/v2\/pages\/90\/revisions\/1758"}],"up":[{"embeddable":true,"href":"https:\/\/www.roemerweg.at\/index.php?rest_route=\/wp\/v2\/pages\/52"}],"wp:attachment":[{"href":"https:\/\/www.roemerweg.at\/index.php?rest_route=%2Fwp%2Fv2%2Fmedia&parent=90"}],"curies":[{"name":"wp","href":"https:\/\/api.w.org\/{rel}","templated":true}]}}