{"id":109,"date":"2016-04-05T14:57:15","date_gmt":"2016-04-05T12:57:15","guid":{"rendered":"http:\/\/roemerweg.at\/?page_id=109"},"modified":"2025-09-26T11:32:13","modified_gmt":"2025-09-26T09:32:13","slug":"109-2","status":"publish","type":"page","link":"https:\/\/www.roemerweg.at\/?page_id=109","title":{"rendered":"Grabmedaillon"},"content":{"rendered":"<p id=\"u3374-8\">Teil eines Grabes und wohl auf Grund seiner Sch\u00f6nheit im Mittelalter sichtbar in die Hausfassade integriert! Die \u00dcberlieferung des Volkes, w\u00e4hnte hier die letzten \u00dcberlebenden der Pest zu sehen. In Wirklichkeit handelt es sich um das sch\u00f6nste Beispiel f\u00fcr r\u00f6merzeitliche Steinmetzkust in \u00d6sterreich und f\u00fcr das Zusammenleben zweier Kulturen (Zeugnis der Liebe zwischen einer Keltin und einem R\u00f6mer).<\/p>\n\n\n<!-- Quadratisches Bild (300x300, links) -->\n  <div class=\"roemer-image\" style=\"flex:0 0 300px; width:300px; height:300px; border-radius:12px; overflow:hidden; box-shadow:0 2px 6px rgba(0,0,0,0.15);\">\n    <img decoding=\"async\" src=\" https:\/\/www.roemerweg.at\/wp-content\/uploads\/2016\/04\/cropped-88-crop-u5112.jpg\" alt=\"Lange Nacht der Museen - R\u00f6merzeit in Wels\" style=\"width:100%; height:100%; object-fit:cover; display:block;\">\n","protected":false},"excerpt":{"rendered":"<p>Teil eines Grabes und wohl auf Grund seiner Sch\u00f6nheit im Mittelalter sichtbar in die Hausfassade integriert! Die \u00dcberlieferung des Volkes, w\u00e4hnte hier die letzten \u00dcberlebenden der Pest zu sehen. In Wirklichkeit handelt es sich um das sch\u00f6nste Beispiel f\u00fcr r\u00f6merzeitliche Steinmetzkust in \u00d6sterreich und f\u00fcr das Zusammenleben zweier Kulturen (Zeugnis der Liebe zwischen einer Keltin &hellip; <a href=\"https:\/\/www.roemerweg.at\/?page_id=109\" class=\"more-link\"><span class=\"screen-reader-text\">Grabmedaillon<\/span> weiterlesen<\/a><\/p>\n","protected":false},"author":1,"featured_media":0,"parent":52,"menu_order":18,"comment_status":"closed","ping_status":"closed","template":"","meta":{"footnotes":""},"class_list":["post-109","page","type-page","status-publish","hentry"],"_links":{"self":[{"href":"https:\/\/www.roemerweg.at\/index.php?rest_route=\/wp\/v2\/pages\/109","targetHints":{"allow":["GET"]}}],"collection":[{"href":"https:\/\/www.roemerweg.at\/index.php?rest_route=\/wp\/v2\/pages"}],"about":[{"href":"https:\/\/www.roemerweg.at\/index.php?rest_route=\/wp\/v2\/types\/page"}],"author":[{"embeddable":true,"href":"https:\/\/www.roemerweg.at\/index.php?rest_route=\/wp\/v2\/users\/1"}],"replies":[{"embeddable":true,"href":"https:\/\/www.roemerweg.at\/index.php?rest_route=%2Fwp%2Fv2%2Fcomments&post=109"}],"version-history":[{"count":8,"href":"https:\/\/www.roemerweg.at\/index.php?rest_route=\/wp\/v2\/pages\/109\/revisions"}],"predecessor-version":[{"id":1765,"href":"https:\/\/www.roemerweg.at\/index.php?rest_route=\/wp\/v2\/pages\/109\/revisions\/1765"}],"up":[{"embeddable":true,"href":"https:\/\/www.roemerweg.at\/index.php?rest_route=\/wp\/v2\/pages\/52"}],"wp:attachment":[{"href":"https:\/\/www.roemerweg.at\/index.php?rest_route=%2Fwp%2Fv2%2Fmedia&parent=109"}],"curies":[{"name":"wp","href":"https:\/\/api.w.org\/{rel}","templated":true}]}}